?
9
What is the thousands digit of 3028?
3
What is the tens digit of 46225?
2
What is the hundreds digit of 11401?
4
What is the hundreds digit of 783?
7
What is the tens digit of 3809?
0
What is the units digit of 751?
1
What is the ten thousands digit of 68622?
6
What is the tens digit of 40777?
7
What is the hundreds digit of 17448?
4
What is the hundreds digit of 20019?
0
What is the hundreds digit of 22396?
3
What is the thousands digit of 6280?
6
What is the thousands digit of 8538?
8
What is the ten thousands digit of 29811?
2
What is the tens digit of 11905?
0
What is the units digit of 6261?
1
What is the thousands digit of 1554?
1
What is the units digit of 3660?
0
What is the hundreds digit of 57475?
4
What is the tens digit of 32026?
2
What is the tens digit of 6508?
0
What is the tens digit of 3840?
4
What is the hundreds digit of 37974?
9
What is the tens digit of 81546?
4
What is the tens digit of 131614?
1
What is the thousands digit of 34392?
4
What is the units digit of 2335?
5
What is the tens digit of 11282?
8
What is the ten thousands digit of 54061?
5
What is the units digit of 22784?
4
What is the tens digit of 2362?
6
What is the units digit of 3174?
4
What is the tens digit of 998?
9
What is the tens digit of 92813?
1
What is the hundreds digit of 37519?
5
What is the tens digit of 1044?
4
What is the hundreds digit of 2570?
5
What is the thousands digit of 51681?
1
What is the units digit of 177?
7
What is the units digit of 3557?
7
What is the units digit of 550?
0
What is the thousands digit of 61334?
1
What is the ten thousands digit of 113106?
1
What is the tens digit of 29945?
4
What is the tens digit of 84?
8
What is the ten thousands digit of 21096?
2
What is the units digit of 2291?
1
What is the thousands digit of 5513?
5
What is the tens digit of 785?
8
What is the units digit of 105?
5
What is the tens digit of 1589?
8
What is the thousands digit of 2738?
2
What is the thousands digit of 44918?
4
What is the hundreds digit of 11719?
7
What is the hundreds digit of 407?
4
What is the hundreds digit of 3005?
0
What is the ten thousands digit of 10063?
1
What is the tens digit of 6485?
8
What is the units digit of 9008?
8
What is the thousands digit of 1496?
1
What is the hundreds digit of 735?
7
What is the units digit of 29539?
9
What is the thousands digit of 115440?
5
What is the units digit of 370?
0
What is the units digit of 1541?
1
What is the tens digit of 48627?
2
What is the hundreds digit of 81294?
2
What is the ten thousands digit of 14988?
1
What is the hundreds digit of 31047?
0
What is the thousands digit of 1575?
1
What is the hundreds digit of 31975?
9
What is the thousands digit of 1680?
1
What is the hundreds digit of 466?
4
What is the tens digit of 16127?
2
What is the hundreds digit of 165589?
5
What is the units digit of 23451?
1
What is the hundreds digit of 83926?
9
What is the hundreds digit of 432?
4
What is the units digit of 6125?
5
What is the units digit of 462?
2
What is the units digit of 30173?
3
What is the thousands digit of 4034?
4
What is the units digit of 2280?
0
What is the ten thousands digit of 86123?
8
What is the thousands digit of 2260?
2
What is the hundreds digit of 30760?
7
What is the hundreds digit of 6620?
6
What is the units digit of 66151?
1
What is the hundreds digit of 1021?
0
What is the ten thousands digit of 15476?
1
What is the tens digit of 7220?
2
What is the hundreds digit of 9637?
6
What is the thousands digit of 57296?
7
What is the units digit of 89161?
1
What is the hundreds digit of 9581?
5
What is the tens digit of 1586?
8
What is the thousands digit of 24609?
4
What is the units digit of 2685?
5
What is the thousands digit of 4742?
4
What is the thousands digit of 4581?
4
What is the tens digit of 1789?
8
What is the thousands digit of 49169?
9
What is the units digit of 3410?
0
What is the hundreds digit of 22340?
3
What is the units digit of 3515?
5
What is the thousands digit of 1307?
1
What is the hundreds digit of 59545?
5
What is the thousands digit of 9593?
9
What is the units digit of 105695?
5
What is the tens digit of 7877?
7
What is the thousands digit of 30551?
0
What is the units digit of 649?
9
What is the tens digit of 638?
3
What is the thousands digit of 11998?
1
What is the tens digit of 484?
8
What is the thousands digit of 8417?
8
What is the tens digit of 3466?
6
What is the tens digit of 97?
9
What is the thousands digit of 5532?
5
What is the ten thousands digit of 81623?
8
What is the thousands digit of 119590?
9
What is the units digit of 7860?
0
What is the hundreds digit of 640?
6
What is the hundreds digit of 3703?
7
What is the thousands digit of 14536?
4
What is the thousands digit of 36442?
6
What is the hundreds digit of 430?
4
What is the tens digit of 4442?
4
What is the hundred thousands digit of 119139?
1
What is the tens digit of 1033?
3
What is the units digit of 32173?
3
What is the units digit of 1328?
8
What is the thousands digit of 7336?
7
What is the ten thousands digit of 11746?
1
What is the units digit of 771?
1
What is the tens digit of 14447?
4
What is the tens digit of 1696?
9
What is the tens digit of 29996?
9
What is the ten thousands digit of 17465?
1
What is the tens digit of 1857?
5
What is the hundreds digit of 52409?
4
What is the hundreds digit of 2788?
7
What is the units digit of 268?
8
What is the units digit of 4869?
9
What is the tens digit of 818?
1
What is the thousands digit of 111881?
1
What is the thousands digit of 13403?
3
What is the tens digit of 2613?
1
What is the tens digit of 2919?
1
What is the tens digit of 968?
6
What is the tens digit of 6614?
1
What is the thousands digit of 5605?
5
What is the hundreds digit of 7621?
6
What is the tens digit of 1739?
3
What is the thousands digit of 1797?
1
What is the thousands digit of 44385?
4
What is the tens digit of 36658?
5
What is the units digit of 17430?
0
What is the hundreds digit of 58844?
8
What is the units digit of 32155?
5
What is the units digit of 1165?
5
What is the tens digit of 436?
3
What is the tens digit of 1499?
9
What is the tens digit of 1620?
2
What is the tens digit of 9687?
8
What is the units digit of 4445?
5
What is the thousands digit of 2394?
2
What is the hundreds digit of 2154?
1
What is the tens digit of 499?
9
What is the thousands digit of 8076?
8
What is the hundreds digit of 3069?
0
What is the hundreds digit of 570?
5
What is the units digit of 504?
4
What is the ten thousands digit of 22302?
2
What is the hundreds digit of 14870?
8
What is the thousands digit of 2037?
2
What is the thousands digit of 35904?
5
What is the thousands digit of 5436?
5
What is the thousands digit of 3753?
3
What is the hundreds digit of 1841?
8
What is the tens digit of 3033?
3
What is the thousands digit of 1237?
1
What is the hundreds digit of 818?
8
What is the hundred thousands digit of 107232?
1
What is the thousands digit of 9321?
9
What is the thousands digit of 1172?
1
What is the units digit of 3405?
5
What is the units digit of 3660?
0
What is the thousands digit of 3287?
3
What is the units digit of 14288?
8
What is the hundreds digit of 15363?
3
What is the hundreds digit of 7427?
4
What is the hundreds digit of 5985?
9
What is the hundreds digit of 7608?
6
What is the tens digit of 10934?
3
What is the units digit of 4151?
1
What is the thousands digit of 33798?
3
What is the hundreds digit of 119?
1
What is the thousands digit of 1040?
1
What is the hundreds digit of 10193?
1
What is the hundreds digit of 4775?
7
What is the tens digit of 87600?
0
What is the tens digit of 500?
0
What is the hundreds digit of 4741?
7
What is the ten thousands digit of 26448?
2
What is the tens digit of 10196?
9
What is the hundreds digit of 1247?
2
What is the units digit of 472?
2
What is the units digit of 13133?
3
What is the units digit of 5514?
4
What is the thousands digit of 8594?
8
What is the tens digit of 51878?
7
What is the hundreds digit of 21622?
6
What is the tens digit of 3425?
2
What is the units digit of 1208?
8
What is the units digit of 29167?
7
What is the thousands digit of 3361?
3
What is the hundreds digit of 17961?
9
What is the units digit of 150?
0
What is the hundreds digit o